 9128 and u?
56
Let j be (-18)/(-4)*(32/(-12) + 2). Let a be (-6)/9 - 86/j. Let i be 2/(-3) + (-1180)/(-6). What is the highest common divisor of a and i?
28
Let n(b) = -48*b - 16. Let c(p) = 23*p + 9. Let w(m) = 7*c(m) + 3*n(m). Let y = -1 - -3. Let i be w(y). What is the greatest common factor of 98 and i?
49
Let n = 25061 + -25043. Calculate the highest common factor of 24606 and n.
18
Let n = -45 - -52. Let c(q) = -q**3 - 6*q**2 - 2*q. Let f be c(-7). Calculate the highest common factor of f and n.
7
Let o = 2861 - 2847. Calculate the highest common factor of 54 and o.
2
Let d(l) = -5*l**2 - 55*l + 5. Let u be d(-6). Suppose -14 - 149 = -5*w - 3*f, 5*w = -5*f + u. Calculate the greatest common divisor of w and 315.
35
Suppose -v - 187 = 2294. Let z be v/(-18) + (-3 - (-57)/18). Let i = 75 - 52. Calculate the greatest common factor of z and i.
23
Let q(m) be the first derivative of -m**4/4 - 14*m**3/3 + m**2/2 + 19*m + 55. Let h be q(-14). Calculate the highest common factor of 85 and h.
5
Suppose 4*x = n + 2*x, n + 5*x = 0. Suppose 17*l - 13*l - 68 = n. What is the highest common factor of l and 17?
17
Suppose 74 = -0*c + c + w, 0 = 4*c + 3*w - 294. Let a(k) = c - 10*k - 2*k + 10*k. Let j be a(0). What is the greatest common divisor of j and 9?
9
Suppose -3*p - p + 2*c = -1146, -2*p = -5*c - 577. Let i = p - 110. Calculate the highest common factor of 11 and i.
11
Suppose 0 = 3*r + 5*h - 432, -142 = -r - 4*h + 3*h. Calculate the greatest common factor of r and 37669.
139
Let c be (-12*(-7)/63)/(2/600). Let h = c - 392. What is the greatest common divisor of 68 and h?
4
Suppose -4*i - 39439 = 11*i - 133579. Calculate the highest common divisor of i and 12.
12
Suppose -10*q + 7335 = -4425. Let y be 4 + -2 - q/(-7). What is the greatest common factor of y and 136?
34
Let r(u) = -5*u**3 + 4*u + 3. Let g be r(-1). Suppose -1016 = -5*q + g*x, -3*x - 190 = -2*q + 215. What is the greatest common divisor of 238 and q?
34
Let l = -114 - -27. Let b = 119 + l. Let d be 140/18 + 10/45. What is the greatest common factor of b and d?
8
Suppose 5*v - 3*s + 39 = 0, -v - 18 = 3*s - 7*s. Let d be 1*2 + 3/(v + 3). Let i be 1*60*d/1. Calculate the highest common factor of 48 and i.
12
Let c(a) = 154*a**3 - a + 1. Let f be c(1). Suppose w + t + 1030 = -3*w, 0 = w - 2*t + 253. Let x = 271 + w. Calculate the greatest common factor of f and x.
14
Let f be -18*(-12)/3 + -2. Let x be (-4533)/(-18) + (-50)/(-300). Calculate the highest common factor of x and f.
14
Let l = -13 + 20. Let k(p) = -p**2 - 15*p - 9. Let r be k(-6). Let s be (210/r)/(4/30). What is the highest common divisor of l and s?
7
Suppose 4*w - 12 = 8. Suppose w*q = 40 + 85. What is the greatest common factor of q and 25?
25
Suppose -6*y + 1818 + 450 = 0. Suppose 309*p - y = 306*p. What is the greatest common divisor of 189 and p?
63
Let n be ((-1672)/(-10))/(-3*(48/(-45))/8). Calculate the greatest common divisor of n and 152.
38
Suppose 1180 = 12*w - 2660. Let d be 1264/10 - 128/w. Calculate the greatest common factor of 28 and d.
14
Suppose 11*w - 8*w = 84. Let t be (-1 - 2)/((-6)/w). Suppose 0 = 2*l - 22 - 62. Calculate the highest common divisor of t and l.
14
Let p be 416/(-3)*12/(-8). What is the greatest common divisor of p and 152?
8
Suppose -94*g + 18144 = -52*g. What is the highest common factor of 528 and g?
48
Let b = 2464 + -2383. Calculate the highest common divisor of 8829 and b.
81
Let i be 2 - (-2 + 7 + -65). Calculate the highest common factor of i and 1240.
62
Suppose -970 = -14*l - 270. Suppose 6*n - 10 = l. Calculate the greatest common factor of 230 and n.
10
Let y = -89 - -170. Let o be ((-6)/(-21))/((-1)/(-14)). Suppose -3*l - 93 = -o*a, -2*a + 4*l - 47 = -3*a. What is the greatest common divisor of y and a?
27
Let s = 45962 + -45938. Calculate the highest common factor of s and 53304.
24
Let w(g) = g**3 - 5*g**2 - 36*g + 70. Let x be 1500/175 - 6/(-14). Let n be w(x). Calculate the highest common divisor of n and 56.
14
Suppose -o + 5 = 0, -39*v + 40*v = 2*o + 106. Calculate the highest common factor of v and 92.
4
Let m be (-78)/(-9)*(20 + -2). Let d(u) = 4*u - 72. Let h be d(20). What is the highest common factor of h and m?
4
Suppose 228 - 430 = -31*g + 2526. Let a = 54 + -38. Calculate the highest common factor of g and a.
8
Let p be (-3)/(-1) - (9/3)/3. Let z be (16/28)/(p/42). Calculate the greatest common divisor of z and 258.
6
Suppose -602*a = -607*a + 60. Calculate the greatest common divisor of 186 and a.
6
Let j = -1883 - -1897. What is the highest common factor of j and 2408?
14
Suppose 0 = -5*d - o + 236, 2*o - 15 = -3. Calculate the greatest common divisor of d and 5014.
46
Let a = 2154 + -1470. Let m = -6826 - -6902. Calculate the greatest common factor of a and m.
76
Let t = -5777 + 6129. What is the greatest common factor of t and 1496?
88
Let z = -83 - -155. Let y be (-164)/(-123)*(-54)/(-8). Calculate the greatest common factor of y and z.
9
Let q = 9 - -3. Suppose 0 = 20*p + 16*p + 33*p - 1656. What is the highest common divisor of q and p?
12
Suppose -61*d - 4*b - 7780 = -66*d, 0 = -4*d + 2*b + 6218. Calculate the greatest common factor of d and 2522.
194
Let d be (-1)/8 + 22365/40. Let t(f) = -f**2 + 28*f - 182. Let z be t(15). What is the highest common factor of z and d?
13
Let r(d) = 3*d**3 - 266*d**2 - 47*d + 1099. Let x be r(89). What is the greatest common divisor of x and 28?
7
Let z = -98 - -102. Suppose 0*h - z*h - 103 = -5*n, -2*n + 31 = -5*h. Let a = n + -17. What is the highest common divisor of 6 and a?
6
Suppose 0 = 4*z - 5*v - 1117, 0*z - 829 = -3*z - 5*v. Suppose 12*t - 950 = -z. Calculate the greatest common factor of t and 952.
56
Let o be (-168)/78 + 4/26. Let h be 3/(-2)*164/12*o. Suppose -21 + h = 4*b. Calculate the greatest common divisor of b and 20.
5
Suppose m - 1751 = 4*i + 3061, 5*m = -5*i - 6040. Let w = i + 1232. Let h = 4 + 4. Calculate the greatest common divisor of h and w.
4
Let k = 7182 + -1367. Calculate the highest common factor of k and 5.
5
Let p = 1901 - -699. What is the highest common factor of p and 104?
104
Suppose -4*d - 5*q + 437 = 0, 0*d + 5*q - 540 = -5*d. Let f = 163 - d. Let z be f + 5 - (-1 + 1). Calculate the greatest common factor of z and 13.
13
Let y(i) = 2*i**3 + 45*i**2 + 43*i - 4. Let n be y(-21). Let r(l) = -l**3 + 6*l**2 + 3*l - 1. Let w be r(5). What is the highest common factor of w and n?
13
Let m be (1 - (123/9 + -12))*-3132. Calculate the highest common divisor of 8091 and m.
261
Suppose -2*a = -6 - 0. Suppose -4*w + a*f + 2 - 8 = 0, -2*w + 4*f = 8. Suppose w = 6*i - 8 - 10. Calculate the greatest common divisor of 9 and i.
3
Suppose 0 = 2*l - 11*l + 11961. Let v be (-11)/(-55) - l/(-5). Suppose b = v - 104. What is the greatest common factor of 18 and b?
18
Let u(s) = 2*s + 10. Let j be u(-4). Suppose -26 + 24 = -j*o. Let m(c) = 8*c + 5. Let h be m(o). What is the highest common divisor of 143 and h?
13
Let g be 6/2 + 6 + (6 - 9). What is the greatest common factor of g and 3291?
3
Suppose -3*t = -r - 4140, 4*r + 23 = 11. Calculate the highest common factor of 1 and t.
1
Let d(y) = -13*y**3 - 19*y**2 + 18*y + 11. Let h be d(-5). Calculate the highest common factor of h and 756.
63
Suppose -2*w - 4*s - 14 = 0, w + 4*w - 25 = 5*s. Suppose -1 = 2*y - w. Suppose y*g + 1536 = 4*g. Calculate the greatest common divisor of g and 48.
48
Let n be (16/(-6))/(222/(-165834)). Calculate the greatest common factor of n and 168.
24
Let n be (-5373)/33 - (2 - (-20)/(-11)). Let z = n - -322. What is the greatest common factor of 53 and z?
53
Suppose 3080 = -219*l + 227*l. Suppose 2*z + 0*z - 4*b = 4, 0 = 3*z + 3*b - 6. Suppose 3*q = -z*q + l. Calculate the highest common divisor of q and 7.
7
Suppose -5*a - 4*p - 179 = -583, 2*a - 184 = 4*p. Let t = a - 42. What is the highest common divisor of 21 and t?
21
Suppose 0 = -3*x - 6, -x - 383 = -2*d - 15. Suppose 0 = -4*n + 2 - 10. Let z be (-2)/(6 + n) - d/(-6). Calculate the greatest common factor of z and 6.
6
Let b(h) = -3371*h - 114. Let w be b(-3). Calculate the greatest common divisor of w and 11.
11
Let t be (-4)/12*(4 + -70). Suppose -4*s + t = -46. Suppose -f = a - s, f - 5*a + 21 = 2*f. What is the highest common factor of f and 72?
8
Let s(r